{"id":20,"date":"2025-04-12T07:36:49","date_gmt":"2025-04-12T07:36:49","guid":{"rendered":"https:\/\/radspielerindustrial.com\/?page_id=20"},"modified":"2025-05-21T08:28:10","modified_gmt":"2025-05-21T08:28:10","slug":"homepage","status":"publish","type":"page","link":"https:\/\/radspielerindustrial.com\/","title":{"rendered":"Homepage"},"content":{"rendered":"\t\t<div data-elementor-type=\"wp-page\" data-elementor-id=\"20\" class=\"elementor elementor-20\">\n\t\t\t\t<div class=\"elementor-element elementor-element-7f812a7 e-flex e-con-boxed e-con e-parent\" data-id=\"7f812a7\" data-element_type=\"container\" data-settings=\"{&quot;background_background&quot;:&quot;classic&quot;}\">\n\t\t\t\t\t<div class=\"e-con-inner\">\n\t\t\t\t<div class=\"elementor-element elementor-element-d2b4900 elementor-widget elementor-widget-spacer\" data-id=\"d2b4900\" data-element_type=\"widget\" data-widget_type=\"spacer.default\">\n\t\t\t\t<div class=\"elementor-widget-container\">\n\t\t\t\t\t\t\t<div class=\"elementor-spacer\">\n\t\t\t<div class=\"elementor-spacer-inner\"><\/div>\n\t\t<\/div>\n\t\t\t\t\t\t<\/div>\n\t\t\t\t<\/div>\n\t\t<div class=\"elementor-element elementor-element-201a518 e-con-full e-flex e-con e-child\" data-id=\"201a518\" data-element_type=\"container\">\n\t\t\t\t<div class=\"elementor-element elementor-element-9eeb9fb elementor-widget elementor-widget-spacer\" data-id=\"9eeb9fb\" data-element_type=\"widget\" data-widget_type=\"spacer.default\">\n\t\t\t\t<div class=\"elementor-widget-container\">\n\t\t\t\t\t\t\t<div class=\"elementor-spacer\">\n\t\t\t<div class=\"elementor-spacer-inner\"><\/div>\n\t\t<\/div>\n\t\t\t\t\t\t<\/div>\n\t\t\t\t<\/div>\n\t\t\t\t<div class=\"elementor-element elementor-element-a0f6f93 elementor-widget elementor-widget-heading\" data-id=\"a0f6f93\" data-element_type=\"widget\" data-widget_type=\"heading.default\">\n\t\t\t\t<div class=\"elementor-widget-container\">\n\t\t\t\t\t<h2 class=\"elementor-heading-title elementor-size-default\">Radspieler Industrial \u2013 Industriemotoren &amp; Ersatzteile<\/h2>\t\t\t\t<\/div>\n\t\t\t\t<\/div>\n\t\t\t\t<div class=\"elementor-element elementor-element-cd19519 elementor-widget elementor-widget-text-editor\" data-id=\"cd19519\" data-element_type=\"widget\" data-widget_type=\"text-editor.default\">\n\t\t\t\t<div class=\"elementor-widget-container\">\n\t\t\t\t\t\t\t\t\t<p>Radspieler Industrial liefert hochwertige Gasmotoren, Industriemotoren und passende Ersatzteile f\u00fcr den professionellen Einsatz. Ob Einzelst\u00fcck oder Serienl\u00f6sung \u2013 wir stehen f\u00fcr technische Pr\u00e4zision, fundierte Beratung und schnelle Verf\u00fcgbarkeit. Pers\u00f6nlicher Service und individuelle L\u00f6sungen inklusive.<\/p>\t\t\t\t\t\t\t\t<\/div>\n\t\t\t\t<\/div>\n\t\t\t\t<\/div>\n\t\t\t\t\t<\/div>\n\t\t\t\t<\/div>\n\t\t<div class=\"elementor-element elementor-element-50d69f8 e-flex e-con-boxed e-con e-parent\" data-id=\"50d69f8\" data-element_type=\"container\" data-settings=\"{&quot;background_background&quot;:&quot;classic&quot;}\">\n\t\t\t\t\t<div class=\"e-con-inner\">\n\t\t\t\t<div class=\"elementor-element elementor-element-d8b09cb elementor-widget elementor-widget-spacer\" data-id=\"d8b09cb\" data-element_type=\"widget\" data-widget_type=\"spacer.default\">\n\t\t\t\t<div class=\"elementor-widget-container\">\n\t\t\t\t\t\t\t<div class=\"elementor-spacer\">\n\t\t\t<div class=\"elementor-spacer-inner\"><\/div>\n\t\t<\/div>\n\t\t\t\t\t\t<\/div>\n\t\t\t\t<\/div>\n\t\t\t\t<div class=\"elementor-element elementor-element-b0720df elementor-widget elementor-widget-heading\" data-id=\"b0720df\" data-element_type=\"widget\" data-widget_type=\"heading.default\">\n\t\t\t\t<div class=\"elementor-widget-container\">\n\t\t\t\t\t<h2 class=\"elementor-heading-title elementor-size-default\">Industrie\u00admotoren f\u00fcr h\u00f6chste Anspr\u00fcche\n<\/h2>\t\t\t\t<\/div>\n\t\t\t\t<\/div>\n\t\t<div class=\"elementor-element elementor-element-bc12fdb e-grid e-con-full e-con e-child\" data-id=\"bc12fdb\" data-element_type=\"container\">\n\t\t\t\t<div class=\"elementor-element elementor-element-0894ffd elementor-widget elementor-widget-image\" data-id=\"0894ffd\" data-element_type=\"widget\" data-widget_type=\"image.default\">\n\t\t\t\t<div class=\"elementor-widget-container\">\n\t\t\t\t\t\t\t\t\t\t\t\t\t\t\t<img fetchpriority=\"high\" decoding=\"async\" width=\"800\" height=\"989\" src=\"https:\/\/radspielerindustrial.com\/wp-content\/uploads\/2025\/05\/11.jpg\" class=\"attachment-large size-large wp-image-95\" alt=\"\" \/>\t\t\t\t\t\t\t\t\t\t\t\t\t\t\t<\/div>\n\t\t\t\t<\/div>\n\t\t\t\t<div class=\"elementor-element elementor-element-e08c4d2 elementor-widget elementor-widget-text-editor\" data-id=\"e08c4d2\" data-element_type=\"widget\" data-widget_type=\"text-editor.default\">\n\t\t\t\t<div class=\"elementor-widget-container\">\n\t\t\t\t\t\t\t\t\t<p class=\"\" data-start=\"129\" data-end=\"489\">Radspieler Industrial steht f\u00fcr leistungsstarke und zuverl\u00e4ssige Industriemotoren \u2013 entwickelt f\u00fcr den Dauerbetrieb unter anspruchsvollen Bedingungen.<br data-start=\"322\" data-end=\"325\" \/>Ob Gasantrieb, Biogasanlage oder Sonderl\u00f6sung: Wir liefern Qualit\u00e4t, auf die man sich verlassen kann.<br data-start=\"426\" data-end=\"429\" \/>Pers\u00f6nliche Beratung, kurze Wege und Technik, die \u00fcberzeugt.<\/p><p class=\"\" data-start=\"491\" data-end=\"553\">\ud83d\udcde <strong data-start=\"494\" data-end=\"511\">08224 9673789<\/strong><br data-start=\"511\" data-end=\"514\" \/>\ud83d\udce7 <strong data-start=\"517\" data-end=\"553\"><a class=\"cursor-pointer\" rel=\"noopener\" data-start=\"519\" data-end=\"551\">info@radspielerindustrial.com<\/a><\/strong><\/p><p class=\"\" data-start=\"555\" data-end=\"614\">\ud83d\udc49 <em data-start=\"558\" data-end=\"614\">Attraktive Konditionen bei gr\u00f6\u00dferer Abnahme verf\u00fcgbar.<\/em><\/p>\t\t\t\t\t\t\t\t<\/div>\n\t\t\t\t<\/div>\n\t\t\t\t<\/div>\n\t\t\t\t<div class=\"elementor-element elementor-element-05b7489 elementor-widget elementor-widget-heading\" data-id=\"05b7489\" data-element_type=\"widget\" data-widget_type=\"heading.default\">\n\t\t\t\t<div class=\"elementor-widget-container\">\n\t\t\t\t\t<h2 class=\"elementor-heading-title elementor-size-default\">Auszug unserer Motoren Produktpallete<\/h2>\t\t\t\t<\/div>\n\t\t\t\t<\/div>\n\t\t\t\t<div class=\"elementor-element elementor-element-eec9526 elementor-widget elementor-widget-image\" data-id=\"eec9526\" data-element_type=\"widget\" data-widget_type=\"image.default\">\n\t\t\t\t<div class=\"elementor-widget-container\">\n\t\t\t\t\t\t\t\t\t\t\t\t\t\t\t<img decoding=\"async\" width=\"800\" height=\"522\" src=\"https:\/\/radspielerindustrial.com\/wp-content\/uploads\/2025\/04\/Screenshot-2025-04-12-at-10.14.35.png\" class=\"attachment-large size-large wp-image-54\" alt=\"\" \/>\t\t\t\t\t\t\t\t\t\t\t\t\t\t\t<\/div>\n\t\t\t\t<\/div>\n\t\t<div class=\"elementor-element elementor-element-da64e4d e-con-full e-flex e-con e-child\" data-id=\"da64e4d\" data-element_type=\"container\">\n\t\t\t\t<\/div>\n\t\t<div class=\"elementor-element elementor-element-3d2ad01 e-con-full e-flex e-con e-child\" data-id=\"3d2ad01\" data-element_type=\"container\">\n\t\t\t\t<\/div>\n\t\t\t\t\t<\/div>\n\t\t\t\t<\/div>\n\t\t\t\t<\/div>\n\t\t","protected":false},"excerpt":{"rendered":"<p>Radspieler Industrial \u2013 Industriemotoren &#038; Ersatzteile Radspieler Industrial liefert hochwertige Gasmotoren, Industriemotoren und passende Ersatzteile f\u00fcr den professionellen Einsatz. Ob Einzelst\u00fcck oder Serienl\u00f6sung \u2013 wir stehen f\u00fcr technische Pr\u00e4zision, fundierte Beratung und schnelle Verf\u00fcgbarkeit. Pers\u00f6nlicher Service und individuelle L\u00f6sungen inklusive. Industrie\u00admotoren f\u00fcr h\u00f6chste Anspr\u00fcche Radspieler Industrial steht f\u00fcr leistungsstarke und zuverl\u00e4ssige Industriemotoren \u2013 entwickelt f\u00fcr [&hellip;]<\/p>\n","protected":false},"author":1,"featured_media":0,"parent":0,"menu_order":0,"comment_status":"closed","ping_status":"closed","template":"","meta":{"footnotes":""},"class_list":["post-20","page","type-page","status-publish","hentry"],"yoast_head":"<!-- This site is optimized with the Yoast SEO Premium plugin v25.3.1 (Yoast SEO v25.3.1) - https:\/\/yoast.com\/wordpress\/plugins\/seo\/ -->\n<title>Homepage - Radspieler Industrial<\/title>\n<meta name=\"robots\" content=\"index, follow, max-snippet:-1, max-image-preview:large, max-video-preview:-1\" \/>\n<link rel=\"canonical\" href=\"https:\/\/radspielerindustrial.com\/\" \/>\n<meta property=\"og:locale\" content=\"en_US\" \/>\n<meta property=\"og:type\" content=\"article\" \/>\n<meta property=\"og:title\" content=\"Homepage\" \/>\n<meta property=\"og:description\" content=\"Radspieler Industrial \u2013 Industriemotoren &#038; Ersatzteile Radspieler Industrial liefert hochwertige Gasmotoren, Industriemotoren und passende Ersatzteile f\u00fcr den professionellen Einsatz. Ob Einzelst\u00fcck oder Serienl\u00f6sung \u2013 wir stehen f\u00fcr technische Pr\u00e4zision, fundierte Beratung und schnelle Verf\u00fcgbarkeit. Pers\u00f6nlicher Service und individuelle L\u00f6sungen inklusive. Industrie\u00admotoren f\u00fcr h\u00f6chste Anspr\u00fcche Radspieler Industrial steht f\u00fcr leistungsstarke und zuverl\u00e4ssige Industriemotoren \u2013 entwickelt f\u00fcr [&hellip;]\" \/>\n<meta property=\"og:url\" content=\"https:\/\/radspielerindustrial.com\/\" \/>\n<meta property=\"og:site_name\" content=\"Radspieler Industrial\" \/>\n<meta property=\"article:modified_time\" content=\"2025-05-21T08:28:10+00:00\" \/>\n<meta property=\"og:image\" content=\"https:\/\/radspielerindustrial.com\/wp-content\/uploads\/2025\/05\/11.jpg\" \/>\n<meta name=\"twitter:card\" content=\"summary_large_image\" \/>\n<meta name=\"twitter:label1\" content=\"Est. reading time\" \/>\n\t<meta name=\"twitter:data1\" content=\"1 minute\" \/>\n<script type=\"application\/ld+json\" class=\"yoast-schema-graph\">{\"@context\":\"https:\/\/schema.org\",\"@graph\":[{\"@type\":\"WebPage\",\"@id\":\"https:\/\/radspielerindustrial.com\/\",\"url\":\"https:\/\/radspielerindustrial.com\/\",\"name\":\"Homepage - Radspieler Industrial\",\"isPartOf\":{\"@id\":\"https:\/\/radspielerindustrial.com\/#website\"},\"primaryImageOfPage\":{\"@id\":\"https:\/\/radspielerindustrial.com\/#primaryimage\"},\"image\":{\"@id\":\"https:\/\/radspielerindustrial.com\/#primaryimage\"},\"thumbnailUrl\":\"https:\/\/radspielerindustrial.com\/wp-content\/uploads\/2025\/05\/11.jpg\",\"datePublished\":\"2025-04-12T07:36:49+00:00\",\"dateModified\":\"2025-05-21T08:28:10+00:00\",\"breadcrumb\":{\"@id\":\"https:\/\/radspielerindustrial.com\/#breadcrumb\"},\"inLanguage\":\"en-US\",\"potentialAction\":[{\"@type\":\"ReadAction\",\"target\":[\"https:\/\/radspielerindustrial.com\/\"]}]},{\"@type\":\"ImageObject\",\"inLanguage\":\"en-US\",\"@id\":\"https:\/\/radspielerindustrial.com\/#primaryimage\",\"url\":\"https:\/\/radspielerindustrial.com\/wp-content\/uploads\/2025\/05\/11.jpg\",\"contentUrl\":\"https:\/\/radspielerindustrial.com\/wp-content\/uploads\/2025\/05\/11.jpg\",\"width\":2929,\"height\":3620},{\"@type\":\"BreadcrumbList\",\"@id\":\"https:\/\/radspielerindustrial.com\/#breadcrumb\",\"itemListElement\":[{\"@type\":\"ListItem\",\"position\":1,\"name\":\"Home\",\"item\":\"https:\/\/radspielerindustrial.com\/\"},{\"@type\":\"ListItem\",\"position\":2,\"name\":\"Homepage\"}]},{\"@type\":\"WebSite\",\"@id\":\"https:\/\/radspielerindustrial.com\/#website\",\"url\":\"https:\/\/radspielerindustrial.com\/\",\"name\":\"Radspieler Industrial\",\"description\":\"\",\"publisher\":{\"@id\":\"https:\/\/radspielerindustrial.com\/#organization\"},\"potentialAction\":[{\"@type\":\"SearchAction\",\"target\":{\"@type\":\"EntryPoint\",\"urlTemplate\":\"https:\/\/radspielerindustrial.com\/?s={search_term_string}\"},\"query-input\":{\"@type\":\"PropertyValueSpecification\",\"valueRequired\":true,\"valueName\":\"search_term_string\"}}],\"inLanguage\":\"en-US\"},{\"@type\":\"Organization\",\"@id\":\"https:\/\/radspielerindustrial.com\/#organization\",\"name\":\"Radspieler Industrial\",\"url\":\"https:\/\/radspielerindustrial.com\/\",\"logo\":{\"@type\":\"ImageObject\",\"inLanguage\":\"en-US\",\"@id\":\"https:\/\/radspielerindustrial.com\/#\/schema\/logo\/image\/\",\"url\":\"https:\/\/radspielerindustrial.com\/wp-content\/uploads\/2025\/04\/black.png\",\"contentUrl\":\"https:\/\/radspielerindustrial.com\/wp-content\/uploads\/2025\/04\/black.png\",\"width\":4586,\"height\":1065,\"caption\":\"Radspieler Industrial\"},\"image\":{\"@id\":\"https:\/\/radspielerindustrial.com\/#\/schema\/logo\/image\/\"}}]}<\/script>\n<!-- \/ Yoast SEO Premium plugin. -->","yoast_head_json":{"title":"Homepage - Radspieler Industrial","robots":{"index":"index","follow":"follow","max-snippet":"max-snippet:-1","max-image-preview":"max-image-preview:large","max-video-preview":"max-video-preview:-1"},"canonical":"https:\/\/radspielerindustrial.com\/","og_locale":"en_US","og_type":"article","og_title":"Homepage","og_description":"Radspieler Industrial \u2013 Industriemotoren &#038; Ersatzteile Radspieler Industrial liefert hochwertige Gasmotoren, Industriemotoren und passende Ersatzteile f\u00fcr den professionellen Einsatz. Ob Einzelst\u00fcck oder Serienl\u00f6sung \u2013 wir stehen f\u00fcr technische Pr\u00e4zision, fundierte Beratung und schnelle Verf\u00fcgbarkeit. Pers\u00f6nlicher Service und individuelle L\u00f6sungen inklusive. Industrie\u00admotoren f\u00fcr h\u00f6chste Anspr\u00fcche Radspieler Industrial steht f\u00fcr leistungsstarke und zuverl\u00e4ssige Industriemotoren \u2013 entwickelt f\u00fcr [&hellip;]","og_url":"https:\/\/radspielerindustrial.com\/","og_site_name":"Radspieler Industrial","article_modified_time":"2025-05-21T08:28:10+00:00","og_image":[{"url":"https:\/\/radspielerindustrial.com\/wp-content\/uploads\/2025\/05\/11.jpg","type":"","width":"","height":""}],"twitter_card":"summary_large_image","twitter_misc":{"Est. reading time":"1 minute"},"schema":{"@context":"https:\/\/schema.org","@graph":[{"@type":"WebPage","@id":"https:\/\/radspielerindustrial.com\/","url":"https:\/\/radspielerindustrial.com\/","name":"Homepage - Radspieler Industrial","isPartOf":{"@id":"https:\/\/radspielerindustrial.com\/#website"},"primaryImageOfPage":{"@id":"https:\/\/radspielerindustrial.com\/#primaryimage"},"image":{"@id":"https:\/\/radspielerindustrial.com\/#primaryimage"},"thumbnailUrl":"https:\/\/radspielerindustrial.com\/wp-content\/uploads\/2025\/05\/11.jpg","datePublished":"2025-04-12T07:36:49+00:00","dateModified":"2025-05-21T08:28:10+00:00","breadcrumb":{"@id":"https:\/\/radspielerindustrial.com\/#breadcrumb"},"inLanguage":"en-US","potentialAction":[{"@type":"ReadAction","target":["https:\/\/radspielerindustrial.com\/"]}]},{"@type":"ImageObject","inLanguage":"en-US","@id":"https:\/\/radspielerindustrial.com\/#primaryimage","url":"https:\/\/radspielerindustrial.com\/wp-content\/uploads\/2025\/05\/11.jpg","contentUrl":"https:\/\/radspielerindustrial.com\/wp-content\/uploads\/2025\/05\/11.jpg","width":2929,"height":3620},{"@type":"BreadcrumbList","@id":"https:\/\/radspielerindustrial.com\/#breadcrumb","itemListElement":[{"@type":"ListItem","position":1,"name":"Home","item":"https:\/\/radspielerindustrial.com\/"},{"@type":"ListItem","position":2,"name":"Homepage"}]},{"@type":"WebSite","@id":"https:\/\/radspielerindustrial.com\/#website","url":"https:\/\/radspielerindustrial.com\/","name":"Radspieler Industrial","description":"","publisher":{"@id":"https:\/\/radspielerindustrial.com\/#organization"},"potentialAction":[{"@type":"SearchAction","target":{"@type":"EntryPoint","urlTemplate":"https:\/\/radspielerindustrial.com\/?s={search_term_string}"},"query-input":{"@type":"PropertyValueSpecification","valueRequired":true,"valueName":"search_term_string"}}],"inLanguage":"en-US"},{"@type":"Organization","@id":"https:\/\/radspielerindustrial.com\/#organization","name":"Radspieler Industrial","url":"https:\/\/radspielerindustrial.com\/","logo":{"@type":"ImageObject","inLanguage":"en-US","@id":"https:\/\/radspielerindustrial.com\/#\/schema\/logo\/image\/","url":"https:\/\/radspielerindustrial.com\/wp-content\/uploads\/2025\/04\/black.png","contentUrl":"https:\/\/radspielerindustrial.com\/wp-content\/uploads\/2025\/04\/black.png","width":4586,"height":1065,"caption":"Radspieler Industrial"},"image":{"@id":"https:\/\/radspielerindustrial.com\/#\/schema\/logo\/image\/"}}]}},"_links":{"self":[{"href":"https:\/\/radspielerindustrial.com\/index.php\/wp-json\/wp\/v2\/pages\/20","targetHints":{"allow":["GET"]}}],"collection":[{"href":"https:\/\/radspielerindustrial.com\/index.php\/wp-json\/wp\/v2\/pages"}],"about":[{"href":"https:\/\/radspielerindustrial.com\/index.php\/wp-json\/wp\/v2\/types\/page"}],"author":[{"embeddable":true,"href":"https:\/\/radspielerindustrial.com\/index.php\/wp-json\/wp\/v2\/users\/1"}],"replies":[{"embeddable":true,"href":"https:\/\/radspielerindustrial.com\/index.php\/wp-json\/wp\/v2\/comments?post=20"}],"version-history":[{"count":49,"href":"https:\/\/radspielerindustrial.com\/index.php\/wp-json\/wp\/v2\/pages\/20\/revisions"}],"predecessor-version":[{"id":141,"href":"https:\/\/radspielerindustrial.com\/index.php\/wp-json\/wp\/v2\/pages\/20\/revisions\/141"}],"wp:attachment":[{"href":"https:\/\/radspielerindustrial.com\/index.php\/wp-json\/wp\/v2\/media?parent=20"}],"curies":[{"name":"wp","href":"https:\/\/api.w.org\/{rel}","templated":true}]}}